he prime factors of 1466150?
2, 5, 7, 59, 71
What are the prime factors of 207664?
2, 12979
List the prime factors of 216630.
2, 3, 5, 29, 83
What are the prime factors of 17377?
17377
What are the prime factors of 325486?
2, 7, 67, 347
What are the prime factors of 1319421?
3, 17, 41, 631
What are the prime factors of 20455033?
67, 163, 1873
List the prime factors of 1012078.
2, 17, 103
What are the prime factors of 1714964?
2, 428741
List the prime factors of 5023441.
307, 16363
List the prime factors of 106727.
106727
What are the prime factors of 77540?
2, 5, 3877
List the prime factors of 1095565.
5, 17, 12889
What are the prime factors of 1292211?
3, 29, 4951
What are the prime factors of 229390?
2, 5, 7, 29, 113
List the prime factors of 594539.
11, 54049
What are the prime factors of 1812037?
1812037
List the prime factors of 124961.
29, 31, 139
What are the prime factors of 2487487?
1109, 2243
What are the prime factors of 189938?
2, 7, 13567
What are the prime factors of 282728?
2, 59, 599
What are the prime factors of 8232095?
5, 71, 23189
What are the prime factors of 4177899?
3, 11, 521
What are the prime factors of 490356?
2, 3, 53, 257
What are the prime factors of 5786129?
5786129
List the prime factors of 115693.
115693
What are the prime factors of 875359?
71, 12329
List the prime factors of 7237609.
7237609
What are the prime factors of 884969?
17, 52057
What are the prime factors of 129221?
129221
What are the prime factors of 3315534?
2, 3, 552589
List the prime factors of 1581424.
2, 13, 7603
What are the prime factors of 21019?
21019
List the prime factors of 1890938.
2, 7, 31, 4357
List the prime factors of 113567.
113567
List the prime factors of 170683.
23, 41, 181
What are the prime factors of 14822429?
14822429
List the prime factors of 6762477.
3, 2254159
List the prime factors of 235394.
2, 37, 3181
What are the prime factors of 40000568?
2, 1429, 3499
List the prime factors of 5908288.
2, 92317
List the prime factors of 2684560.
2, 5, 23, 1459
List the prime factors of 7296777.
3, 29, 9319
What are the prime factors of 17149?
11, 1559
What are the prime factors of 288538?
2, 89, 1621
What are the prime factors of 1519732?
2, 17, 22349
List the prime factors of 1407153.
3, 11, 42641
What are the prime factors of 767742?
2, 3, 199, 643
List the prime factors of 242903.
23, 59, 179
List the prime factors of 59354.
2, 59, 503
What are the prime factors of 70524?
2, 3, 653
List the prime factors of 7274696.
2, 11, 13, 6359
What are the prime factors of 16326460?
2, 5, 17, 31, 1549
What are the prime factors of 39776?
2, 11, 113
List the prime factors of 5122569.
3, 1707523
What are the prime factors of 102969?
3, 17, 673
List the prime factors of 447006.
2, 3, 7, 29, 367
List the prime factors of 1336482.
2, 3, 7, 10607
What are the prime factors of 3042?
2, 3, 13
What are the prime factors of 15705727?
3877, 4051
What are the prime factors of 821567?
601, 1367
List the prime factors of 4842274.
2, 2421137
What are the prime factors of 2392441?
47, 109, 467
List the prime factors of 3145325.
5, 125813
What are the prime factors of 43077?
3, 83, 173
What are the prime factors of 18471427?
13, 1420879
List the prime factors of 24598317.
3, 191, 42929
List the prime factors of 201690.
2, 3, 5, 83
What are the prime factors of 3519665?
5, 349, 2017
List the prime factors of 2726780.
2, 5, 7, 19477
What are the prime factors of 98636?
2, 24659
List the prime factors of 21187214.
2, 139, 76213
List the prime factors of 232164.
2, 3, 6449
What are the prime factors of 1599152?
2, 89, 1123
What are the prime factors of 93265?
5, 23, 811
What are the prime factors of 310883?
310883
List the prime factors of 227686.
2, 113843
What are the prime factors of 1426098?
2, 3, 237683
List the prime factors of 267953.
7, 101, 379
List the prime factors of 88501.
7, 47, 269
List the prime factors of 11921597.
47, 253651
What are the prime factors of 1968764?
2, 7, 70313
What are the prime factors of 63651?
3, 7, 433
What are the prime factors of 7139345?
5, 19, 223, 337
List the prime factors of 143043.
3, 47681
What are the prime factors of 1852813?
17, 73, 1493
List the prime factors of 27823989.
3, 9274663
What are the prime factors of 5426936?
2, 678367
What are the prime factors of 205128?
2, 3, 7, 11, 37
List the prime factors of 48862.
2, 11, 2221
What are the prime factors of 177083?
61, 2903
What are the prime factors of 2647838?
2, 1323919
What are the prime factors of 4665?
3, 5, 311
List the prime factors of 6344690.
2, 5, 11, 57679
List the prime factors of 546136.
2, 19, 3593
What are the prime factors of 620313?
3, 17, 12163
What are the prime factors of 365229?
3, 167
What are the prime factors of 1100842?
2, 181, 3041
List the prime factors of 270920.
2, 5, 13, 521
List the prime factors of 3799860.
2, 3, 5, 63331
What are the prime factors of 1175792?
2, 43, 1709
List the prime factors of 435196.
2, 108799
List the prime factors of 1205843.
1205843
What are the prime factors of 19861?
19861
What are the prime factors of 813924?
2, 3, 23, 983
List the prime factors of 12110109.
3, 11, 366973
List the prime factors of 483850.
2, 5, 9677
List the prime factors of 536792.
2, 17, 3947
What are the prime factors of 410514?
2, 3, 13, 19, 277
List the prime factors of 1561045.
5, 312209
List the prime factors of 13366921.
31, 431191
List the prime factors of 1275935.
5, 17, 883
List the prime factors of 697586.
2, 53, 6581
What are the prime factors of 2548136?
2, 443, 719
What are the prime factors of 89566?
2, 19, 2357
List the prime factors of 2435380.
2, 5, 263, 463
What are the prime factors of 421035?
3, 5, 28069
What are the prime factors of 22620?
2, 3, 5, 13, 29
What are the prime factors of 3938364?
2, 3, 31, 3529
What are the prime factors of 6730099?
23, 53, 5521
What are the prime factors of 1049625?
3, 5, 311
What are the prime factors of 104028?
2, 3, 8669
What are the prime factors of 41166148?
2, 10291537
List the prime factors of 14848.
2, 29
What are the prime factors of 1100642?
2, 23, 71, 337
List the prime factors of 181122.
2, 3, 30187
What are the prime factors of 207339?
3, 11, 61, 103
What are the prime factors of 5938504?
2, 11, 13, 29, 179
List the prime factors of 5144966.
2, 2572483
List the prime factors of 4542339.
3, 23, 65831
What are the prime factors of 3001194?
2, 3, 7, 23819
What are the prime factors of 457658?
2, 228829
List the prime factors of 263467.
487, 541
List the prime factors of 79667.
7, 19, 599
List the prime factors of 1909522.
2, 107, 8923
What are the prime factors of 2522959?
53, 181, 263
What are the prime factors of 73468?
2, 18367
List the prime factors of 14661220.
2, 5, 7, 104723
List the prime factors of 404160.
2, 3, 5, 421
What are the prime factors of 512745?
3, 5, 34183
List the prime factors of 32279.
13, 191
List the prime factors of 436954.
2, 7, 23, 59
What are the prime factors of 212017?
13, 47, 347
What are the prime factors of 133506?
2, 3, 7417
List the prime factors of 116786.
2, 58393
List the prime factors of 4483535.
5, 7, 53, 2417
What are the prime factors of 4135394?
2, 2067697
List the prime factors of 3606428.
2, 7, 19, 6779
What are the prime factors of 37414444?
2, 47, 71, 2803
What are the prime factors of 9112764?
2, 3, 759397
List the prime factors of 555955.
5, 111191
What are the prime factors of 12095363?
7, 31, 139, 401
List the prime factors of 10669006.
2, 53, 251, 401
List the prime factors of 6859305.
3, 5, 152429
List the prime factors of 1238165.
5, 247633
List the prime factors of 2893.
11, 263
What are the prime factors of 180299?
7, 43, 599
List the prime factors of 1976.
2, 13, 19
What are the prime factors of 3149735?
5, 23, 61, 449
What are the prime factors of 2642864?
2, 7, 3371
What are the prime factors of 407131?
29, 101, 139
List the prime factors of 5527900.
2, 5, 7, 53, 149
What are the prime factors of 12780136?
2, 101, 15817
What are the prime factors of 8707781?
8707781
List the prime factors of 27775.
5, 11, 101
What are the prime factors of 3326397?
3, 409, 2711
List the prime factors of 117489.
3, 39163
What are the prime factors of 651510?
2, 3, 5, 19, 127
What are the prime factors of 2435506?
2, 1217753